{"id":466,"date":"2021-05-17T12:21:16","date_gmt":"2021-05-17T12:21:16","guid":{"rendered":"http:\/\/miacatlan.gob.mx\/?page_id=466"},"modified":"2024-08-14T14:30:42","modified_gmt":"2024-08-14T14:30:42","slug":"miacatlan","status":"publish","type":"page","link":"http:\/\/miacatlan.gob.mx\/","title":{"rendered":"INICIO"},"content":{"rendered":"<style>\/*! elementor - v3.15.0 - 09-08-2023 *\/<br \/>\n.elementor-widget-image{text-align:center}.elementor-widget-image a{display:inline-block}.elementor-widget-image a img[src$=\".svg\"]{width:48px}.elementor-widget-image img{vertical-align:middle;display:inline-block}<\/style>\n<p>\t\t\t\t\t\t\t\t\t\t\t\t<img width=\"1920\" height=\"978\" src=\"http:\/\/miacatlan.gob.mx\/wp-content\/uploads\/2022\/05\/PORTADA-WEB-1.jpg\" alt=\"\" loading=\"lazy\" srcset=\"http:\/\/miacatlan.gob.mx\/wp-content\/uploads\/2022\/05\/PORTADA-WEB-1.jpg 1920w, http:\/\/miacatlan.gob.mx\/wp-content\/uploads\/2022\/05\/PORTADA-WEB-1-300x153.jpg 300w, http:\/\/miacatlan.gob.mx\/wp-content\/uploads\/2022\/05\/PORTADA-WEB-1-1024x522.jpg 1024w, http:\/\/miacatlan.gob.mx\/wp-content\/uploads\/2022\/05\/PORTADA-WEB-1-768x391.jpg 768w, http:\/\/miacatlan.gob.mx\/wp-content\/uploads\/2022\/05\/PORTADA-WEB-1-1536x782.jpg 1536w\" sizes=\"(max-width: 1920px) 100vw, 1920px\"><br \/>\n<a href=\"https:\/\/www.facebook.com\/watch\/?v=644319006816862\"><br \/>\nS\u00cdGUENOS EN FACEBOOK<br \/>\n<\/a><\/p>\n<style>\/*! elementor - v3.15.0 - 09-08-2023 *\/<br \/>\n.elementor-column .elementor-spacer-inner{height:var(--spacer-size)}.e-con{--container-widget-width:100%}.e-con-inner>.elementor-widget-spacer,.e-con>.elementor-widget-spacer{width:var(--container-widget-width,var(--spacer-size));--align-self:var(--container-widget-align-self,initial);--flex-shrink:0}.e-con-inner>.elementor-widget-spacer>.elementor-widget-container,.e-con-inner>.elementor-widget-spacer>.elementor-widget-container>.elementor-spacer,.e-con>.elementor-widget-spacer>.elementor-widget-container,.e-con>.elementor-widget-spacer>.elementor-widget-container>.elementor-spacer{height:100%}.e-con-inner>.elementor-widget-spacer>.elementor-widget-container>.elementor-spacer>.elementor-spacer-inner,.e-con>.elementor-widget-spacer>.elementor-widget-container>.elementor-spacer>.elementor-spacer-inner{height:var(--container-widget-height,var(--spacer-size))}<\/style>\n<style>\/*! elementor - v3.15.0 - 09-08-2023 *\/<br \/>\n.elementor-heading-title{padding:0;margin:0;line-height:1}.elementor-widget-heading .elementor-heading-title[class*=elementor-size-]>a{color:inherit;font-size:inherit;line-height:inherit}.elementor-widget-heading .elementor-heading-title.elementor-size-small{font-size:15px}.elementor-widget-heading .elementor-heading-title.elementor-size-medium{font-size:19px}.elementor-widget-heading .elementor-heading-title.elementor-size-large{font-size:29px}.elementor-widget-heading .elementor-heading-title.elementor-size-xl{font-size:39px}.elementor-widget-heading .elementor-heading-title.elementor-size-xxl{font-size:59px}<\/style>\n<h1>H. Ayuntamiento de Miacatl\u00e1n 2022-2024<\/h1>\n<p><img width=\"1024\" height=\"459\" src=\"http:\/\/miacatlan.gob.mx\/wp-content\/uploads\/2022\/05\/FOTO2-1024x459.jpg\" alt=\"\" loading=\"lazy\" srcset=\"http:\/\/miacatlan.gob.mx\/wp-content\/uploads\/2022\/05\/FOTO2-1024x459.jpg 1024w, http:\/\/miacatlan.gob.mx\/wp-content\/uploads\/2022\/05\/FOTO2-300x134.jpg 300w, http:\/\/miacatlan.gob.mx\/wp-content\/uploads\/2022\/05\/FOTO2-768x344.jpg 768w, http:\/\/miacatlan.gob.mx\/wp-content\/uploads\/2022\/05\/FOTO2.jpg 1160w\" sizes=\"(max-width: 1024px) 100vw, 1024px\"><\/p>\n<h2>Francisco  Le\u00f3n y V\u00e9lez Arriaga<\/h2>\n<p>Presidente Municipal de Miacatl\u00e1n<\/p>\n<h3>AVISOS<\/h3>\n<h5>-SITIOS DE INTER\u00c9S-<\/h5>\n<p><a href=\"https:\/\/www.imipe.org.mx\/\" target=\"_blank\" rel=\"noopener\"><br \/>\n<img width=\"280\" height=\"160\" src=\"http:\/\/miacatlan.gob.mx\/wp-content\/uploads\/2023\/08\/BOTON-IMIPE.jpg\" alt=\"\" loading=\"lazy\">\t\t\t\t\t\t\t\t<\/a><br \/>\n<a href=\"https:\/\/www.plataformadetransparencia.org.mx\/\" target=\"_blank\" rel=\"noopener\"><br \/>\n<img width=\"280\" height=\"160\" src=\"http:\/\/miacatlan.gob.mx\/wp-content\/uploads\/2023\/08\/BOTON-PNT.jpg\" alt=\"\" loading=\"lazy\">\t\t\t\t\t\t\t\t<\/a><\/p>\n","protected":false},"excerpt":{"rendered":"<p>S\u00cdGUENOS EN FACEBOOK H. Ayuntamiento de Miacatl\u00e1n 2022-2024 Francisco Le\u00f3n y V\u00e9lez Arriaga Presidente Municipal de Miacatl\u00e1n AVISOS -SITIOS DE INTER\u00c9S-<\/p>\n","protected":false},"author":1,"featured_media":0,"parent":0,"menu_order":0,"comment_status":"closed","ping_status":"closed","template":"","meta":{"site-sidebar-layout":"no-sidebar","site-content-layout":"page-builder","ast-site-content-layout":"full-width-container","site-content-style":"unboxed","site-sidebar-style":"unboxed","ast-global-header-display":"","ast-banner-title-visibility":"","ast-main-header-display":"","ast-hfb-above-header-display":"","ast-hfb-below-header-display":"","ast-hfb-mobile-header-display":"","site-post-title":"disabled","ast-breadcrumbs-content":"disabled","ast-featured-img":"disabled","footer-sml-layout":"","theme-transparent-header-meta":"enabled","adv-header-id-meta":"","stick-header-meta":"","header-above-stick-meta":"","header-main-stick-meta":"","header-below-stick-meta":"","astra-migrate-meta-layouts":"set"},"_links":{"self":[{"href":"http:\/\/miacatlan.gob.mx\/index.php?rest_route=\/wp\/v2\/pages\/466"}],"collection":[{"href":"http:\/\/miacatlan.gob.mx\/index.php?rest_route=\/wp\/v2\/pages"}],"about":[{"href":"http:\/\/miacatlan.gob.mx\/index.php?rest_route=\/wp\/v2\/types\/page"}],"author":[{"embeddable":true,"href":"http:\/\/miacatlan.gob.mx\/index.php?rest_route=\/wp\/v2\/users\/1"}],"replies":[{"embeddable":true,"href":"http:\/\/miacatlan.gob.mx\/index.php?rest_route=%2Fwp%2Fv2%2Fcomments&post=466"}],"version-history":[{"count":226,"href":"http:\/\/miacatlan.gob.mx\/index.php?rest_route=\/wp\/v2\/pages\/466\/revisions"}],"predecessor-version":[{"id":1905,"href":"http:\/\/miacatlan.gob.mx\/index.php?rest_route=\/wp\/v2\/pages\/466\/revisions\/1905"}],"wp:attachment":[{"href":"http:\/\/miacatlan.gob.mx\/index.php?rest_route=%2Fwp%2Fv2%2Fmedia&parent=466"}],"curies":[{"name":"wp","href":"https:\/\/api.w.org\/{rel}","templated":true}]}}